ommon divisor of 21 and u?
21
Let r be 4/14 + 75/7. Suppose 4*k - 308 = -4*f, -f = -5*f. What is the greatest common divisor of r and k?
11
Let p(u) be the second derivative of u**4/12 - u**3/3 + 3*u**2/2 + u. Let y be p(5). Suppose -2*h + 4 = -0. What is the highest common divisor of y and h?
2
Let c be 4/2 - (-6 - 76). Suppose 0 = v + 3*p - 3, v - 4*p - 10 = 14. What is the greatest common factor of v and c?
12
Let k(a) = 3*a**2 - 2*a + 2. Let c be k(2). Let p = -10 - -16. Let g be 3*28/p + 1. What is the greatest common factor of g and c?
5
Suppose -4*v + 60 = -52. Let r be (v - 0)*(-7)/(-2). Let g(k) = k**2 + 10*k + 3. Let p be g(-11). Calculate the highest common factor of p and r.
14
Let j(l) = l**3 - l**2 + 4*l. Suppose 0 = -3*z + 4 - 10. Let q be z/(-5) + (-36)/(-10). Let r be j(q). Calculate the highest common factor of 16 and r.
16
Let t be (3 - (-8)/(-3))*12. Suppose -t*q = -0*q - 32. Calculate the greatest common factor of q and 8.
8
Let r be (76/3)/((-5)/(-15)). Suppose -r = 2*y - 6*y. Let k = -31 + 69. What is the highest common factor of k and y?
19
Let g be 5/((-10)/(-19)) - (-2)/4. Let c(a) be the second derivative of 5*a**4/3 - a. Let y be c(1). Calculate the greatest common divisor of g and y.
10
Suppose 2*f + 5*k - 68 = 0, -4*f - 6*k + 112 = -2*k. Calculate the highest common divisor of f and 192.
24
Let z = -25 - -144. Calculate the highest common divisor of 7 and z.
7
Let s(t) = 13*t**2 + 2*t. Let y be s(-5). Suppose -2*a + 7*a = y. Let p be (0 - -4)*28/16. What is the highest common divisor of p and a?
7
Suppose 3*s + 129 + 60 = -5*n, -4*s = -4*n - 132. Let x = -22 - n. Let t = 54 - 12. Calculate the greatest common divisor of x and t.
14
Suppose -11*b = -6*b - 135. What is the highest common divisor of 108 and b?
27
Let q(h) = h**2 - 2. Suppose -6 = -12*d + 13*d. Let x be q(d). Calculate the highest common factor of 85 and x.
17
Let z be (22/8)/((-2)/(-16)). Let y = z - 13. Let j = -5 - -8. What is the highest common factor of y and j?
3
Let v(j) = -21*j - 4. Let r be v(-4). Calculate the highest common divisor of r and 10.
10
Let p(m) = 8*m**2 - 2*m - 3. Let h = -5 + 3. Let b be p(h). Let y = -20 - -42. Calculate the highest common divisor of b and y.
11
Let z = 83 + -49. Suppose i - 6*i = -425. What is the greatest common factor of z and i?
17
Let r be 0 + -3*2/(-3). Suppose -5*x + 0*x = -2*c - 36, -21 = -r*x + 3*c. Calculate the greatest common factor of x and 42.
6
Let i = 5 + -2. Suppose -4*g + i*p - 1 = -0*p, -5*g - 6 = p. Let y be (6*g)/(12/(-16)). What is the highest common divisor of y and 24?
8
Suppose -2*p + 0*p = -40. Let u(o) = 3*o + 5. Let i be u(5). Calculate the greatest common divisor of p and i.
20
Let q be 1/(-2) + 153/2. Let h be 4/10 + q/10. Let x = -29 - -37. What is the highest common factor of x and h?
8
Let l(i) = 66*i - 2. Let f be l(3). Calculate the highest common divisor of 28 and f.
28
Let j(w) = 10*w**3 - w**2 - w + 1. Let v be j(1). Let z = v - -5. Let x(g) = -g**2 - 11*g - 7. Let a be x(-4). Calculate the highest common factor of z and a.
7
Let g(m) = -17*m**2 - m + 2. Let h(r) = 6*r**2 - 1. Let f(q) = -4*g(q) - 11*h(q). Let l be f(-4). What is the greatest common divisor of 209 and l?
19
Let s(y) = y**2 - y - 32. Let h be s(10). Calculate the highest common divisor of h and 29.
29
Let h(n) = -35*n - 7. Let d be h(-6). Let c be (6/(-2) - -2)*0. Suppose z + 49 - d = c. Calculate the greatest common factor of z and 22.
22
Let p(b) = 2*b**2 + 24*b - 16. Let f be p(-13). Calculate the highest common factor of f and 90.
10
Let q be (7/(-28))/((-2)/184) - -3. What is the highest common factor of 208 and q?
26
Suppose 3 - 15 = 3*g, 0 = -2*m - 3*g + 64. Calculate the greatest common divisor of 19 and m.
19
Let p be 1/(-2*4/(-256)). Let o = -16 + p. Calculate the greatest common factor of 8 and o.
8
Let l be 37*(-1)/(-5) - (-2)/(-5). Calculate the greatest common divisor of l and 28.
7
Let y(t) = -t - 1. Let h be y(-5). Calculate the greatest common divisor of h and 8.
4
Let a be 598/6 - 9/162*12. What is the highest common factor of 66 and a?
33
Suppose 0*d = 2*d - 22. Suppose 2*b - 5*v - 5 = 0, 5*v + 9 + d = 3*b. Calculate the greatest common factor of b and 30.
15
Suppose 5*w + 15 = 0, c - 4*w - 312 = w. Calculate the greatest common factor of 33 and c.
33
Let m be -1*(2/2 - 1). Let q be 86/7 + 2/(-7). Suppose 4*j = 4*k, m*j - j + q = 2*k. What is the greatest common factor of k and 1?
1
Let j = -150 - -53. Suppose -5*n + 763 = -0*h - 3*h, -5*h + 299 = 2*n. Let c = j + n. Calculate the greatest common factor of c and 11.
11
Let n(j) = -7*j + 4. Let x be n(-6). Calculate the greatest common divisor of x and 23.
23
Let c be (-3)/(-6) + (-6)/4. Let g be (c + 10)*4/6. Suppose -m + 3*r - g*r + 15 = 0, 0 = m + 2*r - 18. What is the highest common divisor of 12 and m?
12
Suppose -a + 3*y - 29 = -6*a, -5*a + y = -17. Calculate the greatest common divisor of a and 6.
2
Let q(h) = -h**2 - 3*h - 1. Let r be q(-1). Let w be r/(((-3)/9)/1). Let l be -38*(-4 + 0 - w). What is the greatest common divisor of 57 and l?
19
Let n(t) = 8*t**3 + t. Let s be n(1). Calculate the greatest common divisor of s and 36.
9
Suppose 3*h + 5*g + 112 + 400 = 0, -3*h = g + 532. Let k = h + 254. Let f = -73 + 103. What is the highest common divisor of f and k?
15
Let h = -3 - -4. Calculate the greatest common factor of h and 6.
1
Let q = 268 + -244. Let c = 23 - 11. Calculate the highest common factor of q and c.
12
Suppose 4*l = f - 6*f + 22, 0 = 4*f + 4*l - 20. Let r be 4/(f + (-1 - 0)). Let c = 18 - 6. Calculate the highest common divisor of c and r.
4
Suppose 3*f + 0*f = 45. Suppose -t - 2*t + f = 0. Let x be (-12)/(t/(15/(-6))). What is the highest common factor of 2 and x?
2
Let n be (5 - -1)*(11 + -8). What is the greatest common divisor of 54 and n?
18
Let z be 1/(1/105 - 0). Let h be (28/6 + 0)/((-2)/(-9)). What is the greatest common divisor of z and h?
21
Let j = -2 - -8. Let v(w) = w**3 + w**2 - 4*w + 1. Let m be v(-4). Let g = 43 + m. What is the highest common factor of g and j?
6
Suppose -i = 3*i - 88. What is the greatest common factor of i and 44?
22
Let f = 51 - 34. What is the greatest common divisor of 34 and f?
17
Let s = -18 - -37. Let a = 34 - s. Let l(b) = -b**3 + b + 5. Let y be l(0). Calculate the highest common factor of y and a.
5
Suppose -4*r - 5*h = 11 + 4, 0 = -5*r - 4*h - 12. Suppose r = 4*l - 5*y - 24, 7*y = 4*l + 4*y - 32. What is the greatest common factor of l and 55?
11
Let d = 96 + -56. Let z = 0 - -3. Suppose a = -5*g + 82, 2*g + z*g = 4*a + 72. Calculate the highest common divisor of d and g.
8
Suppose -3*i + 36 = 3*r, 4*r - 3*i - 30 = 2*i. Let b = -10 + 15. Suppose -3*t + 5*j = -17, b*j + 1 = -t - 0*t. What is the greatest common divisor of r and t?
2
Let k be -2*(-5 + 20/8). Calculate the greatest common divisor of k and 5.
5
Let h = 83 + -55. What is the highest common factor of h and 4?
4
Suppose 6*x - x - 140 = 0. What is the highest common factor of x and 7?
7
Let x be (0 - 2) + 10 + 2. Suppose -3*k + 5*u = -71, u + x = -4*k + 74. Let p be (-67)/(-2) + 2/4. Calculate the greatest common factor of p and k.
17
Let u(z) = -z. Let j be u(7). Let f(c) = -c + 4. Let q be f(j). Calculate the greatest common divisor of 1 and q.
1
Suppose 3*j + 4*q = 145 + 32, -2*q = -5*j + 295. Suppose -j + 149 = 5*n. What is the highest common factor of 144 and n?
18
Let k be -8 - -46 - 2/(-2). Calculate the highest common divisor of k and 13.
13
Let g(m) = 2*m + 17. Let h be g(-7). What is the highest common divisor of 27 and h?
3
Suppose 0 = 2*d - 5*d + 30. Let p be (-2)/d + 630/25. Let k(n) = n**2 + 4*n - 2. Let g be k(-6). What is the highest common factor of g and p?
5
Suppose 5*i + q = -6, -3*q = -4*i - q - 16. Let x be (-4)/(-8) - 1/i. Let r be (12 - x) + (1 - 2). Calculate the highest common factor of r and 30.
10
Let p be 1/((6 - 3)/(-3))*-3. Calculate the greatest common factor of 24 and p.
3
Let g be (-2 - 79)*20/(-15). Suppose 12 = 6*p - 5*p. What is the highest common factor of p and g?
12
Let b = 50 - -49. Suppose 5*g + 0 = -4*o + 41, 0 = -4*o + g + 35. Calculate the highest common factor of o and b.
9
Suppose -3*o - 2*n + 5*n + 30 = 0, 14 = 2*o - 5*n. Suppose -3*j + o = j. Calculate the